
{"id":812,"date":"2014-11-26T18:19:47","date_gmt":"2014-11-26T18:19:47","guid":{"rendered":"http:\/\/www.willapi.biz\/?page_id=812"},"modified":"2020-12-28T17:25:17","modified_gmt":"2020-12-28T17:25:17","slug":"maladies","status":"publish","type":"page","link":"https:\/\/www.willapi.biz\/?page_id=812","title":{"rendered":"Maladies"},"content":{"rendered":"<div class=\"flex-container\">\n<div class=\"item auto\">\n<div style=\"text-align:center\"><strong>Maladies du couvain:<\/strong><\/div>\n<p><\/p>\n<div style=\"text-align:center; text-decoration: underline;\">Loque Am\u00e9ricaine (cat\u00e9gorie 1):<\/div>\n<p><\/p>\n<table class=\"styled-table3\">\n<thead>\n<tr>\n<td>\n<p style=\"text-align: center;\" align=\"center\"><b><span style=\"  \"><\/span><\/b><\/p>\n<p style=\"text-align: center;\" align=\"center\"><b><span style=\"  \">Agent Responsable<\/span><\/b><\/p>\n<\/td>\n<td>\n<p style=\"text-align: center;\" align=\"center\"><b><span style=\"  \"><\/span><\/b><\/p>\n<p style=\"text-align: center;\" align=\"center\"><b><span style=\"  \">Sympt\u00f4mes<\/span><\/b><\/p>\n<\/td>\n<td>\n<p style=\"text-align: center;\" align=\"center\"><b><span style=\"  \"><\/span><\/b><\/p>\n<p style=\"text-align: center;\" align=\"center\"><b><span style=\"  \">Prophylaxie\/Traitements<\/span><\/b><\/p>\n<\/td>\n<\/tr>\n<\/thead>\n<tr>\n<td  >\n<ul id=\"imglist-03\">\n<li><span>Bact\u00e9rie : Paenabacillus larve.<\/span><\/li>\n<li><span>Les spores peuvent r\u00e9sister 35 \u00e0 40 ans dans le milieu ext\u00e9rieur sous formes d\u2019\u00e9cailles, plus d\u2019un an dans le miel, \u00e0 la fermentation et la putr\u00e9faction, \u00e0 la cong\u00e9lation, pendant 8 heures \u00e0 100\u00b0C de chaleur s\u00e8che, 30mn dans du formol \u00e0 20%, aux solvant comme le benz\u00e8ne, aux UV\u2026Elles sont d\u00e9truites avec de l\u2019eau de javel \u00e0 1,5%, de la soude caustique \u00e0 1,5%, en 30 mn \u00e0 130\u00b0C de chaleur s\u00e8che, et au chalumeau (m\u00e9thode pas efficace \u00e0 100%)<\/span><\/li>\n<\/ul>\n<\/td>\n<td  >\n<ul id=\"imglist-03\">\n<li><span>Attaque du couvain opercul\u00e9:couleur des opercules brun fonc\u00e9s, jusqu\u2019\u00e0 noirs,concaves, affaiss\u00e9, petits trous dans le couvain souvent en mosa\u00efque.<\/span><\/li>\n<li><span>Odeur de colle des opercules.<\/span><\/li>\n<li><span>Ecailles loqueuses adh\u00e9rentes.<\/span><\/li>\n<li><span>Chez le couvain infect\u00e9 par la loque am\u00e9ricaine, les restes de larves et de pupes s\u2019\u00e9crasent dans le fond de l\u2019alv\u00e9ole, les parties du corps ne se distinguent plus, seule la langue demeure droite et pro\u00e9minente.Cette caract\u00e9ristique de la langue ne se rencontre dans aucune autre maladie.<br \/>\n     <\/span><\/li>\n<\/ul>\n<ul id=\"imglist-02\">\n<li><span><strong>Test de l&rsquo;allumette:<\/strong> Une allumette( ou brindille) plant\u00e9e dans la cellule suspecte retir\u00e9e doucement montre un \u00e9tirement des tissus de la larve sur 2 cm ou plus.<\/span><\/li>\n<\/ul>\n<\/td>\n<td  >\n<ul id=\"imglist-01\">\n<li><span>Avoir des colonies fortes.<\/span><\/li>\n<li><span>Rotation des cadres chaque ann\u00e9e.<\/span><\/li>\n<li><span> D\u00e9sinfection du mat\u00e9riel utilis\u00e9 au rucher.<\/span><\/li>\n<li><span>Changement de reine r\u00e9gulier.<\/span><\/li>\n<li><span>Mise en quarantaine des essaims r\u00e9cup\u00e9r\u00e9s.<\/span><\/li>\n<li><span> Transvasement de la ruche atteinte.<\/span><\/li>\n<li><span>  Destruction par le feu des cadres atteints.<\/span><\/li>\n<\/ul>\n<ul id=\"imglist-02\">\n<li><span>T\u00e9tracycline sur ordonnance uniquement.<\/span><\/li>\n<\/ul>\n<\/td>\n<\/tr>\n<\/table>\n<p><\/p>\n<div style=\"text-align:center; text-decoration: underline;\">Loque europ\u00e9enne (cat\u00e9gorie 3):<\/div>\n<p><\/p>\n<table class=\"styled-table3\">\n<thead>\n<tr>\n<td>\n<p style=\"text-align: center;\" align=\"center\"><b><span style=\"  \"><\/span><\/b><\/p>\n<p style=\"text-align: center;\" align=\"center\"><b><span style=\"  \">Agent Responsable<\/span><\/b><\/p>\n<\/td>\n<td>\n<p style=\"text-align: center;\" align=\"center\"><b><span style=\"  \"><\/span><\/b><\/p>\n<p style=\"text-align: center;\" align=\"center\"><b><span style=\"  \">Sympt\u00f4mes<\/span><\/b><\/p>\n<\/td>\n<td>\n<p style=\"text-align: center;\" align=\"center\"><b><span style=\"  \"><\/span><\/b><\/p>\n<p style=\"text-align: center;\" align=\"center\"><b><span style=\"  \">Prophylaxie\/Traitements<\/span><\/b><\/p>\n<\/td>\n<\/tr>\n<\/thead>\n<tr>\n<td  >\n<ul id=\"imglist-03\">\n<li><span>Pluri bact\u00e9rienne : dont M\u00e9lissococcus pluton<\/span><\/li>\n<\/ul>\n<\/td>\n<td  >\n<ul id=\"imglist-03\">\n<li><span>Attaque le couvain ouvert.<\/span><\/li>\n<li><span>Couvain en mosa\u00efque.<\/span><\/li>\n<li><span>Odeur de putr\u00e9faction (vari\u00e9e).<\/span><\/li>\n<li><span>Ecailles loqueuses non adh\u00e9rentes.<\/span><\/li>\n<li><span>Larves au fond des cellules en position anormale non adh\u00e9rentes non filantes mais flasques couleur jaun\u00e2tre \u00e0 brun\u00e2tre.<br \/>\n     <\/span><\/li>\n<\/ul>\n<\/td>\n<td  >\n<ul id=\"imglist-01\">\n<li><span>Prophyllaxie: Identique Loque am\u00e9ricaine.<\/span><\/li>\n<li><span>Attention aux carences en pollen au printemps.<\/span><\/li>\n<li><span>D\u00e9sinfection du mat\u00e9riel utilis\u00e9 au rucher.<\/span><\/li>\n<li><span>Blocage ponte mini 10 j (par nourrissement).<\/span><\/li>\n<\/ul>\n<ul id=\"imglist-02\">\n<li><span>Traitement: Identique Loque am\u00e9ricaine.<\/span><\/li>\n<\/ul>\n<\/td>\n<\/tr>\n<\/table>\n<p><\/p>\n<div style=\"text-align:center; text-decoration: underline\">Couvain sacciforme:<\/div>\n<p> <\/p>\n<table class=\"styled-table3\">\n<thead>\n<tr>\n<td>\n<p style=\"text-align: center;\" align=\"center\"><b><span style=\"  \"><\/span><\/b><\/p>\n<p style=\"text-align: center;\" align=\"center\"><b><span style=\"  \">Agent Responsable<\/span><\/b><\/p>\n<\/td>\n<td>\n<p style=\"text-align: center;\" align=\"center\"><b><span style=\"  \"><\/span><\/b><\/p>\n<p style=\"text-align: center;\" align=\"center\"><b><span style=\"  \">Sympt\u00f4mes<\/span><\/b><\/p>\n<\/td>\n<td>\n<p style=\"text-align: center;\" align=\"center\"><b><span style=\"  \"><\/span><\/b><\/p>\n<p style=\"text-align: center;\" align=\"center\"><b><span style=\"  \">Prophylaxie\/Traitements<\/span><\/b><\/p>\n<\/td>\n<\/tr>\n<\/thead>\n<tr>\n<td  >\n<ul id=\"imglist-03\">\n<li><span>Virus SBV : Sacbrood Bee Virus<\/span><\/li>\n<\/ul>\n<\/td>\n<td  >\n<ul id=\"imglist-03\">\n<li><span>Appara\u00eet au printemps si le m\u00e9t\u00e9o est mauvaise.<\/span><\/li>\n<li><span>Attaque les couvains ouvert et opercul\u00e9.<\/span><\/li>\n<li><span>Le couvain est en mosa\u00efque dans les cas graves.<\/span><\/li>\n<li><span>Les nymphes sont affaiss\u00e9es et s\u00e8ches en forme de sac apr\u00e8s leur extraction. De couleur gris\u00e2tre puis brun\u00e2tre en partie sup\u00e9rieure, remplie de liquide. <\/span><\/li>\n<li><span>\u00e9cailles dures et gris\u00e2tres en forme de barque.<\/span><\/li>\n<\/ul>\n<\/td>\n<td  >\n<ul id=\"imglist-01\">\n<li><span>Manque de pollen.<\/span><\/li>\n<\/ul>\n<ul id=\"imglist-02\">\n<li><span>Changement de reine et \u00e9limination des rayons touch\u00e9s.<\/span><\/li>\n<\/ul>\n<\/td>\n<\/tr>\n<\/table>\n<p><\/p>\n<div style=\"text-align:center;text-decoration: underline\">Ascoph\u00e9rose ou couvain platr\u00e9:<\/div>\n<p> <\/p>\n<table class=\"styled-table3\">\n<thead>\n<tr>\n<td>\n<p style=\"text-align: center;\" align=\"center\"><b><span style=\"  \"><\/span><\/b><\/p>\n<p style=\"text-align: center;\" align=\"center\"><b><span style=\"  \">Agent Responsable<\/span><\/b><\/p>\n<\/td>\n<td>\n<p style=\"text-align: center;\" align=\"center\"><b><span style=\"  \"><\/span><\/b><\/p>\n<p style=\"text-align: center;\" align=\"center\"><b><span style=\"  \">Sympt\u00f4mes<\/span><\/b><\/p>\n<\/td>\n<td>\n<p style=\"text-align: center;\" align=\"center\"><b><span style=\"  \"><\/span><\/b><\/p>\n<p style=\"text-align: center;\" align=\"center\"><b><span style=\"  \">Prophylaxie\/Traitements<\/span><\/b><\/p>\n<\/td>\n<\/tr>\n<\/thead>\n<tr>\n<td  >\n<ul id=\"imglist-03\">\n<li><span>Champignon: Ascoph\u00e9ra apis<\/span><\/li>\n<\/ul>\n<\/td>\n<td  >\n<ul id=\"imglist-03\">\n<li><span>Souvent li\u00e9 aux chutes de temp\u00e9ratures et au d\u00e9veloppement trop rapide du couvain.<\/span><\/li>\n<li><span><strong>Pr\u00e9sence de momies sur la planche d\u2019envol.<\/strong><\/span><\/li>\n<li><span>Le couvain est en mosa\u00efque dans les cas graves.<\/span><\/li>\n<li><span>Larves a aspect duveteux,avec t\u00eates jaunes, molles et adh\u00e9rentes dans les cellules.<\/span><\/li>\n<li><span>Grelottement du couvain quand on le secoue. <\/span><\/li>\n<\/ul>\n<\/td>\n<td  >\n<ul id=\"imglist-01\">\n<li><span>Installation des ruches endroit ensoleill\u00e9.<\/span><\/li>\n<li><span>Isoler les ruches du sol.<\/span><\/li>\n<li><span>Eviter les refroidissement du couvain lors des visites et de la pose des hausses.<\/span><\/li>\n<\/ul>\n<ul id=\"imglist-02\">\n<li><span>D\u00e9sinfection des plateaux renouvellement des cadres.<\/span><\/li>\n<\/ul>\n<\/td>\n<\/tr>\n<\/table>\n<p><\/p>\n<div style=\"text-align:center; \"><strong>Maladies du couvain et des adultes:<\/strong><\/div>\n<p><\/p>\n<div style=\"text-align:center; text-decoration: underline\">Paralysie aigue:<\/div>\n<p><\/p>\n<table class=\"styled-table3\">\n<thead>\n<tr>\n<td>\n<p style=\"text-align: center;\" align=\"center\"><b><span style=\"  \"><\/span><\/b><\/p>\n<p style=\"text-align: center;\" align=\"center\"><b><span style=\"  \">Agent Responsable<\/span><\/b><\/p>\n<\/td>\n<td>\n<p style=\"text-align: center;\" align=\"center\"><b><span style=\"  \"><\/span><\/b><\/p>\n<p style=\"text-align: center;\" align=\"center\"><b><span style=\"  \">Sympt\u00f4mes<\/span><\/b><\/p>\n<\/td>\n<td>\n<p style=\"text-align: center;\" align=\"center\"><b><span style=\"  \"><\/span><\/b><\/p>\n<p style=\"text-align: center;\" align=\"center\"><b><span style=\"  \">Prophylaxie\/Traitements<\/span><\/b><\/p>\n<\/td>\n<\/tr>\n<\/thead>\n<tr>\n<td  >\n<ul id=\"imglist-03\">\n<li><span>Virus: Acute Paralysis Virus (v\u00e9hicul\u00e9 par varroa)<\/span><\/li>\n<\/ul>\n<\/td>\n<td  >\n<ul id=\"imglist-03\">\n        Destruction des tissus nerveux,  Couvain en mosa\u00efque, larves jaune clair \u00e0 noir.<\/p>\n<li><span>Appara\u00eet en fin d\u2019\u00e9t\u00e9.<\/span><\/li>\n<li><span><strong>Abeilles tremblantes puis tra\u00eenantes avec ailes asym\u00e9triques, puis paralys\u00e9e, ce qui entraine la mort et la disparition de la colonie. <\/strong><\/span><\/li>\n<li><span>Le couvain est en mosa\u00efque.<\/span><\/li>\n<li><span>Larves de couleur jaune clair \u00e0 noire<\/span><\/li>\n<\/ul>\n<\/td>\n<td>\n<ul id=\"imglist-01\">\n<li><span>Prophyllaxie: Traitement anti-varroa.<\/span><\/li>\n<\/ul>\n<ul id=\"imglist-02\">\n<li><span>Aucun traitement.<\/span><\/li>\n<\/ul>\n<\/td>\n<\/tr>\n<\/table>\n<p><\/p>\n<div style=\"text-align:center; text-decoration: underline;\">Aspergillose ou couvain p\u00e9trifi\u00e9:<\/div>\n<p><\/p>\n<table class=\"styled-table3\">\n<thead>\n<tr>\n<td>\n<p style=\"text-align: center;\" align=\"center\"><b><span style=\"  \"><\/span><\/b><\/p>\n<p style=\"text-align: center;\" align=\"center\"><b><span style=\"  \">Agent Responsable<\/span><\/b><\/p>\n<\/td>\n<td>\n<p style=\"text-align: center;\" align=\"center\"><b><span style=\"  \"><\/span><\/b><\/p>\n<p style=\"text-align: center;\" align=\"center\"><b><span style=\"  \">Sympt\u00f4mes<\/span><\/b><\/p>\n<\/td>\n<td>\n<p style=\"text-align: center;\" align=\"center\"><b><span style=\"  \"><\/span><\/b><\/p>\n<p style=\"text-align: center;\" align=\"center\"><b><span style=\"  \">Prophylaxie\/Traitements<\/span><\/b><\/p>\n<\/td>\n<\/tr>\n<\/thead>\n<tr>\n<td  >\n<ul id=\"imglist-03\">\n<li><span>Champignon: Aspergillus flavus<\/span><\/li>\n<\/ul>\n<\/td>\n<td  >\n<ul id=\"imglist-03\">\n<li><span>Petites plaques de couvain malade.<\/span><\/li>\n<li><span><strong>A la surface des cadavres des nymphes, duvet gris\u00e2tre ou vert fonc\u00e9 ou noir. <\/strong><\/span><\/li>\n<li><span>Les larves mortes ont une consistance tr\u00e8s dure.<\/span><\/li>\n<li><span>Larves de couleur jaune clair \u00e0 noire<\/span><\/li>\n<\/ul>\n<\/td>\n<td>\n<ul id=\"imglist-01\">\n<li><span>Prophyllaxie: Identique couvain platr\u00e9.<\/span><\/li>\n<\/ul>\n<ul id=\"imglist-02\">\n<li><span>Aucun traitement.<\/span><\/li>\n<li><span>Transmissible \u00e0 l&rsquo;apiculteur.<\/span><\/li>\n<\/ul>\n<\/td>\n<\/tr>\n<\/table>\n<p><\/p>\n<div style=\"text-align:center; text-decoration: underline\">Virus des ailes d\u00e9form\u00e9es:<\/div>\n<p><\/p>\n<table class=\"styled-table3\">\n<thead>\n<tr>\n<td>\n<p style=\"text-align: center;\" align=\"center\"><b><span style=\"  \"><\/span><\/b><\/p>\n<p style=\"text-align: center;\" align=\"center\"><b><span style=\"  \">Agent Responsable<\/span><\/b><\/p>\n<\/td>\n<td>\n<p style=\"text-align: center;\" align=\"center\"><b><span style=\"  \"><\/span><\/b><\/p>\n<p style=\"text-align: center;\" align=\"center\"><b><span style=\"  \">Sympt\u00f4mes<\/span><\/b><\/p>\n<\/td>\n<td>\n<p style=\"text-align: center;\" align=\"center\"><b><span style=\"  \"><\/span><\/b><\/p>\n<p style=\"text-align: center;\" align=\"center\"><b><span style=\"  \">Prophylaxie\/Traitements<\/span><\/b><\/p>\n<\/td>\n<\/tr>\n<\/thead>\n<tr>\n<td  >\n<ul id=\"imglist-03\">\n<li><span>Virus: Picornavirus (v\u00e9hicul\u00e9 par varroa)<\/span><\/li>\n<\/ul>\n<\/td>\n<td  >\n<ul id=\"imglist-03\">\n<li><span>Visible sur les abeilles adultes seulement.<\/span><\/li>\n<\/ul>\n<\/td>\n<td>\n<ul id=\"imglist-01\">\n<li><span>Prophyllaxie: Traitement anti-varroa.<\/span><\/li>\n<\/ul>\n<ul id=\"imglist-02\">\n<li><span>Aucun traitement.<\/span><\/li>\n<\/ul>\n<\/td>\n<\/tr>\n<\/table>\n<p><\/p>\n<div style=\"text-align:center;\"><strong>Maladies des adultes:<\/strong><\/div>\n<p><\/p>\n<div style=\"text-align:center; text-decoration: underline;\">Septic\u00e9mie:<\/div>\n<p><\/p>\n<table class=\"styled-table3\">\n<thead>\n<tr>\n<td>\n<p style=\"text-align: center;\" align=\"center\"><b><span style=\"  \"><\/span><\/b><\/p>\n<p style=\"text-align: center;\" align=\"center\"><b><span style=\"  \">Agent Responsable<\/span><\/b><\/p>\n<\/td>\n<td>\n<p style=\"text-align: center;\" align=\"center\"><b><span style=\"  \"><\/span><\/b><\/p>\n<p style=\"text-align: center;\" align=\"center\"><b><span style=\"  \">Sympt\u00f4mes<\/span><\/b><\/p>\n<\/td>\n<td>\n<p style=\"text-align: center;\" align=\"center\"><b><span style=\"  \"><\/span><\/b><\/p>\n<p style=\"text-align: center;\" align=\"center\"><b><span style=\"  \">Prophylaxie\/Traitements<\/span><\/b><\/p>\n<\/td>\n<\/tr>\n<\/thead>\n<tr>\n<td  >\n<ul id=\"imglist-03\">\n<li><span>Bacille: Bacillus apisepticus<\/span><\/li>\n<\/ul>\n<\/td>\n<td  >\n<ul id=\"imglist-03\">\n<li><span>Contamination par voie a\u00e9rienne.<\/span><\/li>\n<li><span>Sympt\u00f4mes ressemblant \u00e0 ceux de la maladie noire \u00e0 la maladie noire.<\/span><\/li>\n<li><span>Les abeilles ont des ailes asym\u00e9triques et ne peuvent pas voler.<\/span><\/li>\n<li><span><strong>Les abeilles saines ne chassent pas les malades<\/strong> (contrairement \u00e0 la maladie noire).<\/span><\/li>\n<\/ul>\n<\/td>\n<td>\n<ul id=\"imglist-02\">\n<li><span>Antibiotiques sur d\u00e9livrance du v\u00e9t\u00e9rinaire sanitaire.<\/span><\/li>\n<\/ul>\n<\/td>\n<\/tr>\n<\/table>\n<p><\/p>\n<div style=\"text-align:center; text-decoration: underline\">Nos\u00e9mose (cat\u00e9gorie 1):<\/div>\n<p><\/p>\n<table class=\"styled-table3\">\n<thead>\n<tr>\n<td>\n<p style=\"text-align: center;\" align=\"center\"><b><span style=\"  \"><\/span><\/b><\/p>\n<p style=\"text-align: center;\" align=\"center\"><b><span style=\"  \">Agent Responsable<\/span><\/b><\/p>\n<\/td>\n<td>\n<p style=\"text-align: center;\" align=\"center\"><b><span style=\"  \"><\/span><\/b><\/p>\n<p style=\"text-align: center;\" align=\"center\"><b><span style=\"  \">Sympt\u00f4mes<\/span><\/b><\/p>\n<\/td>\n<td>\n<p style=\"text-align: center;\" align=\"center\"><b><span style=\"  \"><\/span><\/b><\/p>\n<p style=\"text-align: center;\" align=\"center\"><b><span style=\"  \">Prophylaxie\/Traitements<\/span><\/b><\/p>\n<\/td>\n<\/tr>\n<\/thead>\n<tr>\n<td  >\n<ul id=\"imglist-03\">\n<li><span>Micro-parasite : Nos\u00e9ma apis<br \/>\n<\/span><\/li>\n<\/ul>\n<\/td>\n<td  >\n<ul id=\"imglist-03\">\n<li><span>Appara\u00eet souvent en sortie d\u2019hiver.<\/span><\/li>\n<li><span>Troubles digestifs sur les abeilles, mortalit\u00e9 variable.<\/span><\/li>\n<li><span>Abeilles au vol difficile, abeilles tra\u00eenantes au sol \u00e0 l&rsquo;abdomen gonfl\u00e9, accroch\u00e9es aux brins d\u2019herbe.<\/span><\/li>\n<li><span><strong>Trace de diarrh\u00e9es sur la planche d&rsquo;envol et les ruches.<\/strong><\/span><\/li>\n<\/ul>\n<ul id=\"imglist-02\">\n<li><span>Tr\u00e8s contagieux<\/span><\/li>\n<\/ul>\n<\/td>\n<td>\n<ul id=\"imglist-01\">\n<li><span>Hiverner les colonies dans des endroits secs et ensoleill\u00e9s et pas sur miellat.<\/span><\/li>\n<li><span>Renouvellemnt des cadres<\/span><\/li>\n<\/ul>\n<ul id=\"imglist-01\">\n<li><span>D\u00e9sinfection chalumeau et acide ac\u00e9tique.<\/span><\/li>\n<\/ul>\n<\/td>\n<\/tr>\n<\/table>\n<p><\/p>\n<div style=\"text-align:center;text-decoration: underline;\">Amibiase:<\/div>\n<p><\/p>\n<table class=\"styled-table3\">\n<thead>\n<tr>\n<td>\n<p style=\"text-align: center;\" align=\"center\"><b><span style=\"  \"><\/span><\/b><\/p>\n<p style=\"text-align: center;\" align=\"center\"><b><span style=\"  \">Agent Responsable<\/span><\/b><\/p>\n<\/td>\n<td>\n<p style=\"text-align: center;\" align=\"center\"><b><span style=\"  \"><\/span><\/b><\/p>\n<p style=\"text-align: center;\" align=\"center\"><b><span style=\"  \">Sympt\u00f4mes<\/span><\/b><\/p>\n<\/td>\n<td>\n<p style=\"text-align: center;\" align=\"center\"><b><span style=\"  \"><\/span><\/b><\/p>\n<p style=\"text-align: center;\" align=\"center\"><b><span style=\"  \">Prophylaxie\/Traitements<\/span><\/b><\/p>\n<\/td>\n<\/tr>\n<\/thead>\n<tr>\n<td  >\n<ul id=\"imglist-03\">\n<li><span>Protozoaire: Malpighamoeba melifica<br \/>\n<\/span><\/li>\n<\/ul>\n<\/td>\n<td  >\n<ul id=\"imglist-03\">\n<li><span>Se d\u00e9veloppe dans les tubes de Malpighi.<\/span><\/li>\n<li><span>Perturbe l\u2019excr\u00e9tion et accentue la gravit\u00e9 des sympt\u00f4mes de la nos\u00e9mose.<\/span><\/li>\n<\/ul>\n<\/td>\n<td>\n<ul id=\"imglist-01\">\n<li><span>Bonne tenue du rucher.<\/span><\/li>\n<\/ul>\n<\/td>\n<\/tr>\n<\/table>\n<p><\/p>\n<div style=\"text-align:center;text-decoration: underline\">Maladie noire:<\/div>\n<table class=\"styled-table3\">\n<thead>\n<tr>\n<td>\n<p style=\"text-align: center;\" align=\"center\"><b><span style=\"  \"><\/span><\/b><\/p>\n<p style=\"text-align: center;\" align=\"center\"><b><span style=\"  \">Agent Responsable<\/span><\/b><\/p>\n<\/td>\n<td>\n<p style=\"text-align: center;\" align=\"center\"><b><span style=\"  \"><\/span><\/b><\/p>\n<p style=\"text-align: center;\" align=\"center\"><b><span style=\"  \">Sympt\u00f4mes<\/span><\/b><\/p>\n<\/td>\n<td>\n<p style=\"text-align: center;\" align=\"center\"><b><span style=\"  \"><\/span><\/b><\/p>\n<p style=\"text-align: center;\" align=\"center\"><b><span style=\"  \">Prophylaxie\/Traitements<\/span><\/b><\/p>\n<\/td>\n<\/tr>\n<\/thead>\n<tr>\n<td  >\n<ul id=\"imglist-03\">\n<li><span>virus: CBPV (Chronic Bee Paralysis Virus).<br \/>\n<\/span><\/li>\n<\/ul>\n<\/td>\n<td  >\n<ul id=\"imglist-03\">\n<li><span>Agitation au trou de vol.<\/span><\/li>\n<li><span>Abeilles vivantes brillantes sans poils.<\/span><\/li>\n<li><span>Tremblement des ailes puis mort.<\/span><\/li>\n<li><span>Beaucoup d\u2019abeilles mortes couleur noire.<\/span><\/li>\n<li><span>Abeilles mortes avec ailes en croix.<\/span><\/li>\n<li><span>Les abeilles d\u2019int\u00e9rieur emp\u00eachent les malades de rentrer dans la ruche.<\/span><\/li>\n<\/ul>\n<\/td>\n<td>\n<ul id=\"imglist-01\">\n<li><span>Attention aux miell\u00e9es de sapin.<\/span><\/li>\n<\/ul>\n<ul id=\"imglist-02\">\n<li><span>Pas de traitement.<\/span><\/li>\n<\/ul>\n<\/td>\n<\/tr>\n<\/table>\n<p><a title=\"\" href=\"https:\/\/www.willapi.biz\/?page_id=1106 \">Retour<\/a>\n<\/div>\n<p> <!-- auto -->\n<\/div>\n<p> <!-- flex container --><\/p>\n","protected":false},"excerpt":{"rendered":"<p>Maladies du couvain: Loque Am\u00e9ricaine (cat\u00e9gorie 1): Agent Responsable Sympt\u00f4mes Prophylaxie\/Traitements Bact\u00e9rie : Paenabacillus larve. Les spores peuvent r\u00e9sister 35 \u00e0 40 ans dans le milieu ext\u00e9rieur sous formes d\u2019\u00e9cailles, plus d\u2019un<\/p>\n<a class=\"moretag noptoppad\" href=\"https:\/\/www.willapi.biz\/?page_id=812\">Read More...<\/a>","protected":false},"author":1,"featured_media":0,"parent":0,"menu_order":0,"comment_status":"closed","ping_status":"closed","template":"","meta":{"footnotes":""},"class_list":["post-812","page","type-page","status-publish","hentry"],"_links":{"self":[{"href":"https:\/\/www.willapi.biz\/index.php?rest_route=\/wp\/v2\/pages\/812","targetHints":{"allow":["GET"]}}],"collection":[{"href":"https:\/\/www.willapi.biz\/index.php?rest_route=\/wp\/v2\/pages"}],"about":[{"href":"https:\/\/www.willapi.biz\/index.php?rest_route=\/wp\/v2\/types\/page"}],"author":[{"embeddable":true,"href":"https:\/\/www.willapi.biz\/index.php?rest_route=\/wp\/v2\/users\/1"}],"replies":[{"embeddable":true,"href":"https:\/\/www.willapi.biz\/index.php?rest_route=%2Fwp%2Fv2%2Fcomments&post=812"}],"version-history":[{"count":22,"href":"https:\/\/www.willapi.biz\/index.php?rest_route=\/wp\/v2\/pages\/812\/revisions"}],"predecessor-version":[{"id":3620,"href":"https:\/\/www.willapi.biz\/index.php?rest_route=\/wp\/v2\/pages\/812\/revisions\/3620"}],"wp:attachment":[{"href":"https:\/\/www.willapi.biz\/index.php?rest_route=%2Fwp%2Fv2%2Fmedia&parent=812"}],"curies":[{"name":"wp","href":"https:\/\/api.w.org\/{rel}","templated":true}]}}