
{"id":1092,"date":"2016-04-17T09:41:07","date_gmt":"2016-04-17T09:41:07","guid":{"rendered":"http:\/\/www.willapi.biz\/?page_id=1092"},"modified":"2020-12-21T19:12:36","modified_gmt":"2020-12-21T19:12:36","slug":"la-propolis1","status":"publish","type":"page","link":"https:\/\/www.willapi.biz\/?page_id=1092","title":{"rendered":"La propolis"},"content":{"rendered":"<p><strong><span style=\"text-decoration: underline;\">Provenance:<\/span><\/strong><\/p>\n<p>La propolis est fabriqu\u00e9e par les abeilles \u00e0 partir la r\u00e9sine des bourgeons qu&rsquo;elles m\u00e9langent \u00e0 de la cire, du pollen et leurs s\u00e9cr\u00e9tions salivaires.<\/p>\n<p>Les principales essences d&rsquo;arbres sur lesquels les r\u00e9sines sont pr\u00e9lev\u00e9es sont des conif\u00e8res (<a title=\"Pin (plante)\" href=\"https:\/\/fr.wikipedia.org\/wiki\/Pin_%28plante%29\" target=\"blank\" rel=\"noopener noreferrer\">pins<\/a>,<a title=\"Sapin\" href=\"https:\/\/fr.wikipedia.org\/wiki\/Sapin\" target=\"blank\" rel=\"noopener noreferrer\">sapins<\/a>,<a title=\"\u00c9pic\u00e9a\" href=\"https:\/\/fr.wikipedia.org\/wiki\/%C3%89pic%C3%A9a\" target=\"blank\" rel=\"noopener noreferrer\">\u00e9pic\u00e9as<\/a> ) auxquels s&rsquo;ajoutent des <a title=\"Aulne\" href=\"https:\/\/fr.wikipedia.org\/wiki\/Aulne\" target=\"blank\" rel=\"noopener noreferrer\">aulnes<\/a>,des <a title=\"Saule\" href=\"https:\/\/fr.wikipedia.org\/wiki\/Saule\" target=\"blank\" rel=\"noopener noreferrer\">saules<\/a>,des <a title=\"Bouleau\" href=\"https:\/\/fr.wikipedia.org\/wiki\/Bouleau\" target=\"blank\" rel=\"noopener noreferrer\"> bouleaux<\/a>,des <a title=\"Prunier\" href=\"https:\/\/fr.wikipedia.org\/wiki\/Prunier\" target=\"blank\" rel=\"noopener noreferrer\"> prunier<\/a>,des <a title=\"Fr\u00eane\" href=\"https:\/\/fr.wikipedia.org\/wiki\/Fr%C3%AAne\" target=\"blank\" rel=\"noopener noreferrer\">fr\u00eanes<\/a>,des  <a title=\"Ch\u00eane\" href=\"https:\/\/fr.wikipedia.org\/wiki\/Ch%C3%AAne\" target=\"blank\" rel=\"noopener noreferrer\">ch\u00eanes<\/a>,des <a title=\"Orme\" href=\"https:\/\/fr.wikipedia.org\/wiki\/Orme\" target=\"blank\" rel=\"noopener noreferrer\">ormes<\/a>,des <a title=\"Peuplier\" href=\"https:\/\/fr.wikipedia.org\/wiki\/Peuplier\" target=\"blank\" rel=\"noopener noreferrer\">peupliers<\/a> et des <a title=\"Marronnier d'Inde\" href=\"https:\/\/fr.wikipedia.org\/wiki\/Marronnier_d%27Inde\" target=\"blank\" rel=\"noopener noreferrer\">marronniers d&rsquo;Inde<\/a>.<\/p>\n<table>\n<tbody>\n<tr class=\"transparente\">\n<td class=\"transparente\"><img loading=\"lazy\" decoding=\"async\" alt=\"\" src=\"https:\/\/www.willapi.biz\/wp-content\/uploads\/image\/propolis.jpg\" ;=\"\" width=\"500\" height=\"300\"><\/td>\n<td class=\"transparente\" width=\"1%\" height=\"128\"><\/td>\n<td class=\"transparente\">\nComme pour le pollen, l&rsquo;ouvri\u00e8re transporte cette r\u00e9sine dans les corbeilles de ses pattes arri\u00e8res,<br \/>\nsous forme de pelotes.<br \/>\nCes pelotes ne seront pas stock\u00e9es dans les alv\u00e9oles des rayons ni consomm\u00e9es en tant que nourriture, mais elle serviront \u00e0 enduire l&rsquo;int\u00e9rieur de la ruche et les rayons.<\/td>\n<\/tr>\n<\/tbody>\n<\/table>\n<p>Les abeilles utilisent la propolis pour:<\/p>\n<div class=\"pad20\">\n<ul id=\"imglist\">\n<li>colmater des fissures ou des interstices<\/li>\n<li>am\u00e9liorer l&rsquo;\u00e9tanch\u00e9it\u00e9 \u00e0 l&rsquo;encontre de l&rsquo;humidit\u00e9<\/li>\n<li>supprimer ou r\u00e9duire les passages d&rsquo;airs<\/li>\n<li>renforcer les rayons<\/li>\n<li>aseptiser<\/li>\n<\/ul>\n<\/div>\n<p>Occasionnellement elle leur sert \u00e0 momifier les animaux tu\u00e9s pour s&rsquo;\u00eatre introduits dans la ruche et dont le cada vre est trop lourd pour \u00eatre \u00e9vacu\u00e9s( souris par exemple) ce qui stoppe leur d\u00e9composition.<\/p>\n<p><strong><span style=\"text-decoration: underline;\">Composition:<\/span><\/strong> La composition de la propolis est la suivante:<\/p>\n<table class=\"styled-table1\" style=\"width:50%\" >\n<tbody>\n<tr>\n<td>\n<p align=\"center\">r\u00e9sines et baumes<\/p>\n<\/td>\n<td>\n<p align=\"center\"> 50 \u00e0 55 %<\/td>\n<\/tr>\n<tr>\n<td>\n<p align=\"center\"> cire<\/td>\n<td>\n<p align=\"center\"> 30 \u00e0 40 %<\/p>\n<\/td>\n<\/tr>\n<tr>\n<td>\n<p align=\"center\"> huiles volatiles ou essentielles<\/td>\n<td>\n<p align=\"center\">5 \u00e0 10 %<\/p>\n<\/td>\n<\/tr>\n<tr>\n<td>\n<p align=\"center\"> pollen<\/p>\n<\/td>\n<td>\n<p align=\"center\">5 %<\/p>\n<\/td>\n<\/tr>\n<tr>\n<td>\n<p align=\"center\"> mati\u00e8res diverses<\/p>\n<\/td>\n<td>\n<p align=\"center\"> 5 %<\/p>\n<\/td>\n<\/tr>\n<\/tbody>\n<\/table>\n<div style=\"white-space:pre-line;\">\n<\/div>\n<p>La propolis contient \u00e9galement beaucoup d\u2019autres \u00e9l\u00e9ments comme des acides organiques, de tr\u00e8s nombreux flavono\u00efdes, des oligo-\u00e9l\u00e9ments, des vitamines.<\/p>\n<p><strong><span style=\"text-decoration: underline;\">Int\u00e9r\u00eat de la propolis dans la m\u00e9decine humaine  (cf  [1]:) <\/span><\/strong><\/p>\n<p>Les propri\u00e9t\u00e9s antibact\u00e9riennes de la propolis sont connues de longue date et font qu&rsquo;elle est utilis\u00e9e en M\u00e9decine humaine.<\/p>\n<p>En plus de ses propri\u00e9t\u00e9s antibact\u00e9riennes la propolis poss\u00e8des de nombreuses autres vertus:<\/p>\n<div class=\"pad20\">\n<ul id=\"imglist\">\n<li> elle est anti-virale<\/li>\n<li> elle a des propri\u00e9t\u00e9s anti-fongicides et Anti mycosiques<\/li>\n<li> elle a une action cicatrisante et r\u00e9g\u00e9n\u00e9ratrice<\/li>\n<li> elle a une action anti-canc\u00e9reuse et immunomodulatrice<\/li>\n<li> elle a une action anesth\u00e9siante<\/li>\n<li> elle a une action antiparasitaire<\/li>\n<li> elle a une action anti inflammatoire<\/li>\n<li> elle a une action anti-oxydante<\/li>\n<\/ul>\n<\/div>\n[1] <span style=\"color: black;\">UNIVERSITE DE LIMOGES Facult\u00e9 de M\u00e9decine et de Pharmacie Ann\u00e9e 2010 <\/span><\/p>\n<p>THESE DE DOCTEUR D\u2019ETAT EN PHARMACIE DE L\u2019UNIVERSITE DE LIMOGES<\/p>\n<p>30 Novembre 2010 BLANC Micka\u00ebl<\/p>\n","protected":false},"excerpt":{"rendered":"<p>Provenance: La propolis est fabriqu\u00e9e par les abeilles \u00e0 partir la r\u00e9sine des bourgeons qu&rsquo;elles m\u00e9langent \u00e0 de la cire, du pollen et leurs s\u00e9cr\u00e9tions salivaires. Les principales essences d&rsquo;arbres sur lesquels<\/p>\n<a class=\"moretag noptoppad\" href=\"https:\/\/www.willapi.biz\/?page_id=1092\">Read More...<\/a>","protected":false},"author":1,"featured_media":0,"parent":0,"menu_order":0,"comment_status":"closed","ping_status":"closed","template":"","meta":{"footnotes":""},"class_list":["post-1092","page","type-page","status-publish","hentry"],"_links":{"self":[{"href":"https:\/\/www.willapi.biz\/index.php?rest_route=\/wp\/v2\/pages\/1092","targetHints":{"allow":["GET"]}}],"collection":[{"href":"https:\/\/www.willapi.biz\/index.php?rest_route=\/wp\/v2\/pages"}],"about":[{"href":"https:\/\/www.willapi.biz\/index.php?rest_route=\/wp\/v2\/types\/page"}],"author":[{"embeddable":true,"href":"https:\/\/www.willapi.biz\/index.php?rest_route=\/wp\/v2\/users\/1"}],"replies":[{"embeddable":true,"href":"https:\/\/www.willapi.biz\/index.php?rest_route=%2Fwp%2Fv2%2Fcomments&post=1092"}],"version-history":[{"count":12,"href":"https:\/\/www.willapi.biz\/index.php?rest_route=\/wp\/v2\/pages\/1092\/revisions"}],"predecessor-version":[{"id":3495,"href":"https:\/\/www.willapi.biz\/index.php?rest_route=\/wp\/v2\/pages\/1092\/revisions\/3495"}],"wp:attachment":[{"href":"https:\/\/www.willapi.biz\/index.php?rest_route=%2Fwp%2Fv2%2Fmedia&parent=1092"}],"curies":[{"name":"wp","href":"https:\/\/api.w.org\/{rel}","templated":true}]}}