
{"id":1068,"date":"2016-04-17T09:21:50","date_gmt":"2016-04-17T09:21:50","guid":{"rendered":"http:\/\/www.willapi.biz\/?page_id=1068"},"modified":"2020-12-21T11:19:14","modified_gmt":"2020-12-21T11:19:14","slug":"classification1","status":"publish","type":"page","link":"https:\/\/www.willapi.biz\/?page_id=1068","title":{"rendered":"Classification"},"content":{"rendered":"<p>Nos abeilles sont du genre <a title=\"\" href=\"https:\/\/fr.wikipedia.org\/wiki\/Abeilles\" target=\"blank\" rel=\"noopener noreferrer\">Apis<\/a>, Genre qui regroupe:<\/p>\n<div class=\"pad20\">\n<ul id=\"imglist\">\n<li><span>Apis Dorsata (ou \u00ab\u00a0abeille g\u00e9ante\u00a0\u00bb qui vit dans le sous-continent indien, du Pakistan \u00e0 Sri Lanka et de la Chine \u00e0 l&rsquo;Australie)<\/span><\/li>\n<li><span>Apis Florea (ou \u00ab\u00a0abeille naine\u00a0\u00bb dont l&rsquo;habitat s&rsquo;\u00e9tend des rivages de la mer d&rsquo;Arabie \u00e0 l&rsquo;Indon\u00e9sie)<\/span><\/li>\n<li><span>Apis Cerana que l&rsquo;on trouve en Inde, en Chine, en Malaisie, au Japon, au N\u00e9pal, au Bangladesh.<\/span><\/li>\n<li><span><strong>Apis mellifera<\/strong>, l&rsquo;esp\u00e8ce europ\u00e9enne<\/span><\/li>\n<\/ul>\n<\/div>\n<p>&nbsp;<\/p>\n<div class=\"zoom1\">\n<div class=\"image1\">\n<p style=\"text-align: center;\"><img decoding=\"async\" style=\"text-align: center;\" alt=\"\" src=\"https:\/\/willapi.biz\/wp-content\/uploads\/pagelesabeilles\/classification.png\"><\/p>\n<\/div>\n<\/div>\n","protected":false},"excerpt":{"rendered":"<p>Nos abeilles sont du genre Apis, Genre qui regroupe: Apis Dorsata (ou \u00ab\u00a0abeille g\u00e9ante\u00a0\u00bb qui vit dans le sous-continent indien, du Pakistan \u00e0 Sri Lanka et de la Chine \u00e0 l&rsquo;Australie) Apis<\/p>\n<a class=\"moretag noptoppad\" href=\"https:\/\/www.willapi.biz\/?page_id=1068\">Read More...<\/a>","protected":false},"author":1,"featured_media":0,"parent":0,"menu_order":0,"comment_status":"closed","ping_status":"closed","template":"","meta":{"footnotes":""},"class_list":["post-1068","page","type-page","status-publish","hentry"],"_links":{"self":[{"href":"https:\/\/www.willapi.biz\/index.php?rest_route=\/wp\/v2\/pages\/1068","targetHints":{"allow":["GET"]}}],"collection":[{"href":"https:\/\/www.willapi.biz\/index.php?rest_route=\/wp\/v2\/pages"}],"about":[{"href":"https:\/\/www.willapi.biz\/index.php?rest_route=\/wp\/v2\/types\/page"}],"author":[{"embeddable":true,"href":"https:\/\/www.willapi.biz\/index.php?rest_route=\/wp\/v2\/users\/1"}],"replies":[{"embeddable":true,"href":"https:\/\/www.willapi.biz\/index.php?rest_route=%2Fwp%2Fv2%2Fcomments&post=1068"}],"version-history":[{"count":8,"href":"https:\/\/www.willapi.biz\/index.php?rest_route=\/wp\/v2\/pages\/1068\/revisions"}],"predecessor-version":[{"id":3474,"href":"https:\/\/www.willapi.biz\/index.php?rest_route=\/wp\/v2\/pages\/1068\/revisions\/3474"}],"wp:attachment":[{"href":"https:\/\/www.willapi.biz\/index.php?rest_route=%2Fwp%2Fv2%2Fmedia&parent=1068"}],"curies":[{"name":"wp","href":"https:\/\/api.w.org\/{rel}","templated":true}]}}